8
What is the thousands digit of 53772?
3
What is the millions digit of 2847300?
2
What is the hundreds digit of 2858138?
1
What is the hundreds digit of 920829?
8
What is the ten millions digit of 26619083?
2
What is the ten thousands digit of 5672271?
7
What is the hundreds digit of 325083?
0
What is the units digit of 21936841?
1
What is the millions digit of 1002803?
1
What is the ten thousands digit of 7499820?
9
What is the units digit of 353465?
5
What is the hundred thousands digit of 11435061?
4
What is the ten thousands digit of 3467141?
6
What is the units digit of 175733?
3
What is the hundreds digit of 2406057?
0
What is the hundreds digit of 96691?
6
What is the ten thousands digit of 9394486?
9
What is the hundred thousands digit of 140980?
1
What is the units digit of 1623067?
7
What is the thousands digit of 4959027?
9
What is the hundred thousands digit of 110720?
1
What is the thousands digit of 6131017?
1
What is the ten millions digit of 14548099?
1
What is the hundreds digit of 24920968?
9
What is the ten thousands digit of 5025428?
2
What is the tens digit of 784345?
4
What is the ten thousands digit of 102539?
0
What is the hundred thousands digit of 4218960?
2
What is the hundred thousands digit of 116590?
1
What is the hundreds digit of 58032?
0
What is the ten thousands digit of 1633100?
3
What is the hundred thousands digit of 2361160?
3
What is the hundreds digit of 28216134?
1
What is the units digit of 236643?
3
What is the millions digit of 2741219?
2
What is the units digit of 134038?
8
What is the hundreds digit of 4667545?
5
What is the millions digit of 6563093?
6
What is the tens digit of 147384?
8
What is the hundreds digit of 613491?
4
What is the thousands digit of 544865?
4
What is the thousands digit of 1654?
1
What is the units digit of 1426354?
4
What is the hundreds digit of 5161029?
0
What is the hundred thousands digit of 17882488?
8
What is the hundreds digit of 1717898?
8
What is the ten thousands digit of 78505?
7
What is the units digit of 195694?
4
What is the thousands digit of 1055950?
5
What is the thousands digit of 3230240?
0
What is the millions digit of 29738499?
9
What is the hundred thousands digit of 11886209?
8
What is the hundreds digit of 53466?
4
What is the thousands digit of 149588?
9
What is the hundred thousands digit of 162770?
1
What is the ten thousands digit of 1533476?
3
What is the units digit of 15317650?
0
What is the tens digit of 20308?
0
What is the hundreds digit of 93723?
7
What is the units digit of 11645599?
9
What is the tens digit of 458235?
3
What is the hundreds digit of 459661?
6
What is the ten thousands digit of 112020?
1
What is the ten thousands digit of 15889639?
8
What is the thousands digit of 4812114?
2
What is the units digit of 2564956?
6
What is the tens digit of 944784?
8
What is the thousands digit of 4362830?
2
What is the thousands digit of 2884946?
4
What is the hundred thousands digit of 5255744?
2
What is the hundred thousands digit of 383572?
3
What is the ten thousands digit of 199781?
9
What is the hundreds digit of 615709?
7
What is the units digit of 7435600?
0
What is the ten thousands digit of 745504?
4
What is the hundred thousands digit of 1109114?
1
What is the ten thousands digit of 263407?
6
What is the millions digit of 2194494?
2
What is the thousands digit of 195310?
5
What is the ten millions digit of 29198375?
2
What is the ten thousands digit of 207092?
0
What is the ten thousands digit of 548687?
4
What is the hundred thousands digit of 25616651?
6
What is the ten thousands digit of 77076?
7
What is the ten thousands digit of 24230031?
3
What is the units digit of 3092531?
1
What is the ten thousands digit of 861491?
6
What is the units digit of 93248?
8
What is the tens digit of 1003260?
6
What is the thousands digit of 4745021?
5
What is the tens digit of 202185?
8
What is the ten thousands digit of 1656691?
5
What is the units digit of 711521?
1
What is the millions digit of 2580792?
2
What is the hundred thousands digit of 265851?
2
What is the units digit of 2546126?
6
What is the units digit of 329072?
2
What is the ten thousands digit of 1918355?
1
What is the hundred thousands digit of 1117928?
1
What is the thousands digit of 341858?
1
What is the hundreds digit of 8157879?
8
What is the units digit of 586013?
3
What is the ten thousands digit of 945932?
4
What is the units digit of 203606?
6
What is the hundred thousands digit of 866138?
8
What is the units digit of 136900?
0
What is the units digit of 4484778?
8
What is the units digit of 946248?
8
What is the units digit of 41258?
8
What is the units digit of 4379981?
1
What is the thousands digit of 13155049?
5
What is the ten thousands digit of 5471685?
7
What is the hundreds digit of 15598808?
8
What is the ten thousands digit of 112138?
1
What is the hundreds digit of 77414?
4
What is the hundred thousands digit of 2597900?
5
What is the millions digit of 1181283?
1
What is the tens digit of 354053?
5
What is the millions digit of 8643315?
8
What is the hundreds digit of 2369742?
7
What is the ten thousands digit of 1671691?
7
What is the millions digit of 4513940?
4
What is the thousands digit of 1515154?
5
What is the units digit of 485737?
7
What is the thousands digit of 531543?
1
What is the hundred thousands digit of 4577906?
5
What is the units digit of 2690001?
1
What is the thousands digit of 1573005?
3
What is the hundred thousands digit of 1584858?
5
What is the tens digit of 1013310?
1
What is the hundreds digit of 2607304?
3
What is the thousands digit of 503046?
3
What is the hundreds digit of 3712?
7
What is the hundred thousands digit of 641938?
6
What is the tens digit of 89571?
7
What is the ten millions digit of 21438956?
2
What is the tens digit of 474837?
3
What is the millions digit of 10960025?
0
What is the hundreds digit of 1924551?
5
What is the ten thousands digit of 1407987?
0
What is the ten thousands digit of 519766?
1
What is the units digit of 553772?
2
What is the hundred thousands digit of 840583?
8
What is the units digit of 1444737?
7
What is the thousands digit of 2028233?
8
What is the thousands digit of 3140573?
0
What is the ten thousands digit of 231423?
3
What is the tens digit of 274479?
7
What is the ten thousands digit of 140190?
4
What is the units digit of 190153?
3
What is the units digit of 2408729?
9
What is the ten thousands digit of 10632702?
3
What is the millions digit of 4387419?
4
What is the units digit of 1997595?
5
What is the millions digit of 2123619?
2
What is the ten thousands digit of 177504?
7
What is the hundred thousands digit of 2176848?
1
What is the millions digit of 4905188?
4
What is the units digit of 1858820?
0
What is the units digit of 1811463?
3
What is the units digit of 15156046?
6
What is the units digit of 828877?
7
What is the tens digit of 55985?
8
What is the tens digit of 2762739?
3
What is the tens digit of 15294061?
6
What is the units digit of 11380141?
1
What is the ten thousands digit of 5567688?
6
What is the hundreds digit of 476420?
4
What is the hundred thousands digit of 134285?
1
What is the tens digit of 5955324?
2
What is the hundred thousands digit of 173664?
1
What is the hundreds digit of 1440438?
4
What is the tens digit of 267162?
6
What is the ten thousands digit of 252634?
5
What is the millions digit of 4584792?
4
What is the thousands digit of 2792514?
2
What is the thousands digit of 720281?
0
What is the units digit of 13720?
0
What is the thousands digit of 573919?
3
What is the ten thousands digit of 2988831?
8
What is the ten thousands digit of 443969?
4
What is the hundred thousands digit of 364249?
3
What is the ten thousands digit of 441378?
4
What is the hundreds digit of 291222?
2
What is the thousands digit of 14949?
4
What is the units digit of 4041118?
8
What is the thousands digit of 155051?
5
What is the millions digit of 1062903?
1
What is the ten millions digit of 17871914?
1
What is the thousands digit of 29092796?
2
What is the tens digit of 1231551?
5
What is the units digit of 26102254?
4
What is the units digit of 1173763?
3
What is the hundred thousands digit of 231104?
2
What is the thousands digit of 12354023?
4
What i